{"id":1159,"date":"2025-02-16T00:45:28","date_gmt":"2025-02-16T00:45:28","guid":{"rendered":"https:\/\/falconsdx.com\/?page_id=1159"},"modified":"2025-02-16T00:45:28","modified_gmt":"2025-02-16T00:45:28","slug":"raio-x-solar","status":"publish","type":"page","link":"https:\/\/falconsdx.com\/index.php\/raio-x-solar\/","title":{"rendered":"Raio X solar"},"content":{"rendered":"<div class=\"row mt-5\">\n<div class=\"col-md-12\">\n<div class=\"rcbox bg-dark p-2\">\n<h4 class=\"titrebox font-weight-bold text-uppercase text-light\"><i class=\"fa-solid fa-sun\"><\/i><span>Raio X solar<\/span><\/h4>\n<\/div>\n<\/div>\n<\/div>\n<div id=\"accordion\" class=\"row mt-3 row-eq-height\">\n<div class=\"col-md-6 mt-3\">\n<div class=\"bg-dark rcbox p-3\">\n<p><a id=\"refresh_drap\" href=\"https:\/\/www.rcqsl.com\/space-weather.php#\" data-toggle=\"modal\" data-target=\"#modaldrap\"><img decoding=\"async\" class=\"img-fluid\" src=\"https:\/\/services.swpc.noaa.gov\/images\/animations\/d-rap\/global\/d-rap\/latest.png?time=0.35259700%201739666673\" \/><\/a><\/p>\n<\/div>\n<\/div>\n<div class=\"col-md-1 mt-3\">\n<div class=\"text-center\"><button class=\"btn btn-secondary rcbox mb-3\" type=\"button\" data-toggle=\"collapse\" data-target=\"#drap_uk\" aria-expanded=\"true\" aria-controls=\"drap_uk\"><\/button>\u00a0<button class=\"btn btn-secondary rcbox mb-3\" type=\"button\" data-toggle=\"collapse\" data-target=\"#drap_fr\" aria-expanded=\"false\" aria-controls=\"drap_fr\"><\/button>\u00a0<button class=\"btn btn-secondary rcbox mb-3\" type=\"button\" data-toggle=\"collapse\" data-target=\"#drap_es\" aria-expanded=\"false\" aria-controls=\"drap_es\"><\/button>\u00a0<button class=\"btn btn-secondary rcbox mb-3\" type=\"button\" data-toggle=\"collapse\" data-target=\"#drap_pt\" aria-expanded=\"false\" aria-controls=\"drap_pt\"><\/button><\/div>\n<\/div>\n<div class=\"col-md-5 mt-3\">\n<div class=\"bg-dark rcbox p-3 text-justify text-white\">\n<div id=\"drap_uk\" class=\"collapse show\" data-parent=\"#accordion\">\n<p><span>Este mapa da\u00a0<\/span><a href=\"https:\/\/www.ngdc.noaa.gov\/stp\/drap\/\" target=\"_blank\" rel=\"noopener\"><span>NOAA<\/span><\/a><span>\u00a0aborda o impacto operacional do fluxo de raios X solares e eventos SEP na comunica\u00e7\u00e3o de r\u00e1dio HF. Comunica\u00e7\u00f5es de longo alcance usando ondas de r\u00e1dio de alta frequ\u00eancia (HF) (3 &#8211; 30 MHz) dependem da reflex\u00e3o dos sinais na ionosfera. As ondas de r\u00e1dio s\u00e3o tipicamente refletidas perto do pico da camada F2 (~300 km de altitude), mas ao longo do caminho para o pico F2 e de volta o sinal da onda de r\u00e1dio sofre atenua\u00e7\u00e3o devido \u00e0 absor\u00e7\u00e3o pela ionosfera interveniente.<\/span><br \/>\n<span>O modelo D-Region Absorption Prediction \u00e9 usado como orienta\u00e7\u00e3o para entender a degrada\u00e7\u00e3o de r\u00e1dio HF e os apag\u00f5es que isso pode causar.<\/span><\/p>\n<\/div>\n<\/div>\n<\/div>\n<\/div>\n<div id=\"accordion4\" class=\"row mt-3 row-eq-height\">\n<div class=\"col-md-1 mt-3\">\n<div class=\"text-center\"><button class=\"btn btn-secondary rcbox mb-3\" type=\"button\" data-toggle=\"collapse\" data-target=\"#tec_uk4\" aria-expanded=\"true\" aria-controls=\"tec_uk4\"><\/button>\u00a0<button class=\"btn btn-secondary rcbox mb-3\" type=\"button\" data-toggle=\"collapse\" data-target=\"#tec_fr4\" aria-expanded=\"false\" aria-controls=\"tec_fr4\"><\/button>\u00a0<button class=\"btn btn-secondary rcbox mb-3\" type=\"button\" data-toggle=\"collapse\" data-target=\"#tec_es4\" aria-expanded=\"false\" aria-controls=\"tec_es4\"><\/button>\u00a0<button class=\"btn btn-secondary rcbox mb-3\" type=\"button\" data-toggle=\"collapse\" data-target=\"#tec_pt4\" aria-expanded=\"false\" aria-controls=\"tec_pt4\"><\/button><\/div>\n<\/div>\n<div class=\"col-md-11 mt-3\">\n<div class=\"bg-dark rcbox p-3 text-justify text-white\">\n<div id=\"tec_uk4\" class=\"collapse show\" data-parent=\"#accordion4\">\n<h2><span>Impacto do fluxo de raios X solares na propaga\u00e7\u00e3o de ondas de r\u00e1dio<\/span><\/h2>\n<p><span>O\u00a0<\/span><strong><span>fluxo de raios X solares<\/span><\/strong><span>\u00a0desempenha um papel significativo em afetar as condi\u00e7\u00f5es de propaga\u00e7\u00e3o de ondas de r\u00e1dio, especialmente nas\u00a0<\/span><strong><span>altas frequ\u00eancias (HF)<\/span><\/strong><span>\u00a0. Este fen\u00f4meno est\u00e1 diretamente relacionado \u00e0 atividade solar, particularmente \u00e0s erup\u00e7\u00f5es solares, que emitem radia\u00e7\u00e3o em uma ampla faixa de comprimentos de onda, incluindo raios X. Aqui est\u00e3o os principais impactos do fluxo de raios X na propaga\u00e7\u00e3o de ondas de r\u00e1dio:<\/span><\/p>\n<h3><span>Ioniza\u00e7\u00e3o da camada D na ionosfera<\/span><\/h3>\n<ul>\n<li><strong><span>A radia\u00e7\u00e3o de raios X das erup\u00e7\u00f5es solares<\/span><\/strong><span>\u00a0penetra nas camadas superiores da atmosfera da Terra, particularmente na\u00a0<\/span><strong><span>camada D<\/span><\/strong><span>\u00a0da ionosfera.<\/span><\/li>\n<li><strong><span>Raios X<\/span><\/strong><span>\u00a0de alta energia\u00a0podem aumentar temporariamente a densidade de el\u00e9trons na camada D, que absorve ondas de r\u00e1dio, particularmente na banda HF (3-30 MHz).<\/span><\/li>\n<li><strong><span>Consequ\u00eancia:<\/span><\/strong><span>\u00a0Quando o fluxo de raios X \u00e9 alto, ele pode causar\u00a0<\/span><strong><span>aumento na absor\u00e7\u00e3o de sinais de HF<\/span><\/strong><span>\u00a0, especialmente no lado diurno da Terra, tornando as comunica\u00e7\u00f5es de HF de longa dist\u00e2ncia mais dif\u00edceis ou imposs\u00edveis. Esse efeito \u00e9 chamado de\u00a0<\/span><strong><span>blecaute de r\u00e1dio HF<\/span><\/strong><span>\u00a0.<\/span><\/li>\n<\/ul>\n<h3><span>Perturba\u00e7\u00f5es de Curto Prazo<\/span><\/h3>\n<ul>\n<li><span>O fluxo de raios X pode desencadear\u00a0<\/span><strong><span>Perturba\u00e7\u00f5es Ionosf\u00e9ricas S\u00fabitas<\/span><\/strong><span>\u00a0(SIDs), que afetam rapidamente a propaga\u00e7\u00e3o de ondas de r\u00e1dio HF.<\/span><\/li>\n<li><span>Essas perturba\u00e7\u00f5es podem levar a\u00a0<\/span><strong><span>interrup\u00e7\u00f5es de comunica\u00e7\u00e3o de curto prazo<\/span><\/strong><span>\u00a0ou, em casos extremos, a apag\u00f5es completos que duram de minutos a horas.<\/span><\/li>\n<\/ul>\n<h3><span>Efeito nas comunica\u00e7\u00f5es VHF e UHF<\/span><\/h3>\n<ul>\n<li><span>As bandas VHF e UHF (30 MHz a 3 GHz) s\u00e3o geralmente menos afetadas por interrup\u00e7\u00f5es de raios X, pois n\u00e3o dependem da reflex\u00e3o ionosf\u00e9rica para propaga\u00e7\u00e3o de longa dist\u00e2ncia.<\/span><\/li>\n<li><span>Entretanto, em casos extremos,\u00a0<\/span><strong><span>a degrada\u00e7\u00e3o ionosf\u00e9rica global<\/span><\/strong><span>\u00a0tamb\u00e9m pode afetar as transmiss\u00f5es VHF, particularmente para sistemas de navega\u00e7\u00e3o e posicionamento (como GPS), devido a\u00a0<\/span><strong><span>perturba\u00e7\u00f5es ionosf\u00e9ricas<\/span><\/strong><span>\u00a0.<\/span><\/li>\n<\/ul>\n<h3><span>Rela\u00e7\u00e3o com erup\u00e7\u00f5es solares<\/span><\/h3>\n<ul>\n<li><span>Quando o fluxo de raios X aumenta repentinamente devido a uma\u00a0<\/span><strong><span>explos\u00e3o solar<\/span><\/strong><span>\u00a0, ele pode causar interrup\u00e7\u00f5es na propaga\u00e7\u00e3o de ondas HF. As erup\u00e7\u00f5es solares de classe\u00a0<\/span><strong><span>X<\/span><\/strong><span>\u00a0s\u00e3o as mais intensas e frequentemente causam\u00a0<\/span><strong><span>apag\u00f5es globais de HF<\/span><\/strong><span>\u00a0.<\/span><\/li>\n<li><span>As erup\u00e7\u00f5es de classe\u00a0<\/span><strong><span>M<\/span><\/strong><span>\u00a0tamb\u00e9m podem afetar a propaga\u00e7\u00e3o, embora seu impacto seja normalmente localizado e de menor dura\u00e7\u00e3o.<\/span><\/li>\n<\/ul>\n<h3><span>Impacto na propaga\u00e7\u00e3o pela intensidade do fluxo de raios X<\/span><\/h3>\n<ul>\n<li><strong><span>Baixo fluxo de raios X:<\/span><\/strong><span>\u00a0as comunica\u00e7\u00f5es HF s\u00e3o geralmente boas, com perturba\u00e7\u00f5es m\u00ednimas.<\/span><\/li>\n<li><strong><span>Fluxo moderado de raios X:<\/span><\/strong><span>\u00a0Aumento da absor\u00e7\u00e3o na camada D, causando leve degrada\u00e7\u00e3o na propaga\u00e7\u00e3o de HF.<\/span><\/li>\n<li><strong><span>Alto fluxo de raios X (classe M ou flare X):<\/span><\/strong><span>\u00a0Interrup\u00e7\u00f5es severas na propaga\u00e7\u00e3o de HF, incluindo apag\u00f5es tempor\u00e1rios, especialmente no lado iluminado do Sol da Terra.<\/span><\/li>\n<\/ul>\n<p><span>O\u00a0<\/span><strong><span>fluxo de raios X solares<\/span><\/strong><span>\u00a0pode ter um efeito disruptivo significativo na propaga\u00e7\u00e3o de ondas de r\u00e1dio, especialmente em bandas de HF. No caso de alto fluxo de raios X, pode levar ao aumento da absor\u00e7\u00e3o do sinal de HF, dificultando ou impossibilitando a comunica\u00e7\u00e3o de longa dist\u00e2ncia. Os operadores de r\u00e1dio monitoram de perto\u00a0<\/span><strong><span>os \u00edndices de fluxo de raios X<\/span><\/strong><span>\u00a0para antecipar essas interrup\u00e7\u00f5es, especialmente durante per\u00edodos de\u00a0<\/span><strong><span>maior atividade solar<\/span><\/strong><span>\u00a0.<\/span><\/p>\n<\/div>\n<\/div>\n<\/div>\n<\/div>\n<div class=\"row mt-5\">\n<div class=\"col-md-12\">\n<div class=\"rcbox bg-dark p-2\">\n<h4 class=\"titrebox font-weight-bold text-uppercase text-light\"><i class=\"fa-solid fa-atom\"><\/i><span>Conte\u00fado total de el\u00e9trons<\/span><\/h4>\n<\/div>\n<\/div>\n<\/div>\n<div id=\"accordion2\" class=\"row mt-3 row-eq-height\">\n<div class=\"col-md-6 mt-3\">\n<div class=\"bg-dark rcbox p-3\"><a id=\"refresh_tec\" href=\"https:\/\/www.rcqsl.com\/space-weather.php#\" data-toggle=\"modal\" data-target=\"#modaltec\"><img decoding=\"async\" class=\"img-fluid\" src=\"https:\/\/services.swpc.noaa.gov\/images\/animations\/ctipe\/tec\/latest.png?time=0.35262500%201739666673\" \/><\/a><\/div>\n<\/div>\n<div class=\"col-md-1 mt-3\">\n<div class=\"text-center\"><button class=\"btn btn-secondary rcbox mb-3\" type=\"button\" data-toggle=\"collapse\" data-target=\"#tec_uk\" aria-expanded=\"true\" aria-controls=\"tec_uk\"><\/button>\u00a0<button class=\"btn btn-secondary rcbox mb-3\" type=\"button\" data-toggle=\"collapse\" data-target=\"#tec_fr\" aria-expanded=\"false\" aria-controls=\"tec_fr\"><\/button>\u00a0<button class=\"btn btn-secondary rcbox mb-3\" type=\"button\" data-toggle=\"collapse\" data-target=\"#tec_es\" aria-expanded=\"false\" aria-controls=\"tec_es\"><\/button>\u00a0<button class=\"btn btn-secondary rcbox mb-3\" type=\"button\" data-toggle=\"collapse\" data-target=\"#tec_pt\" aria-expanded=\"false\" aria-controls=\"tec_pt\"><\/button><\/div>\n<\/div>\n<div class=\"col-md-5 mt-3\">\n<div class=\"bg-dark rcbox p-3 text-justify text-white\">\n<div id=\"tec_uk\" class=\"collapse show\" data-parent=\"#accordion2\">\n<p><span>O Conte\u00fado Total de El\u00e9trons (TEC) \u00e9 o n\u00famero total de el\u00e9trons presentes ao longo de um caminho entre um transmissor e receptor de r\u00e1dio. As ondas de r\u00e1dio s\u00e3o afetadas pela presen\u00e7a de el\u00e9trons. Quanto mais el\u00e9trons no caminho da onda de r\u00e1dio, mais o sinal de r\u00e1dio ser\u00e1 afetado. Para comunica\u00e7\u00e3o de terra para sat\u00e9lite e navega\u00e7\u00e3o por sat\u00e9lite, o TEC \u00e9 um bom par\u00e2metro para monitorar poss\u00edveis impactos do clima espacial.<\/span><br \/>\n<span>O TEC \u00e9 medido em el\u00e9trons por metro quadrado. Por conven\u00e7\u00e3o, 1 Unidade TEC TECU = 10^16 el\u00e9trons\/m\u00b2. Os valores verticais de TEC na ionosfera da Terra podem variar de algumas a v\u00e1rias centenas de TECU.<\/span><\/p>\n<\/div>\n<\/div>\n<\/div>\n<\/div>\n<div id=\"accordion3\" class=\"row mt-3 row-eq-height\">\n<div class=\"col-md-1 mt-3\">\n<div class=\"text-center\"><button class=\"btn btn-secondary rcbox mb-3\" type=\"button\" data-toggle=\"collapse\" data-target=\"#tec_uk2\" aria-expanded=\"true\" aria-controls=\"tec_uk2\"><\/button>\u00a0<button class=\"btn btn-secondary rcbox mb-3\" type=\"button\" data-toggle=\"collapse\" data-target=\"#tec_fr2\" aria-expanded=\"false\" aria-controls=\"tec_fr2\"><\/button>\u00a0<button class=\"btn btn-secondary rcbox mb-3\" type=\"button\" data-toggle=\"collapse\" data-target=\"#tec_es2\" aria-expanded=\"false\" aria-controls=\"tec_es2\"><\/button>\u00a0<button class=\"btn btn-secondary rcbox mb-3\" type=\"button\" data-toggle=\"collapse\" data-target=\"#tec_pt2\" aria-expanded=\"false\" aria-controls=\"tec_pt2\"><\/button><\/div>\n<\/div>\n<div class=\"col-md-11 mt-3\">\n<div class=\"bg-dark rcbox p-3 text-justify text-white\">\n<div id=\"tec_uk2\" class=\"collapse show\" data-parent=\"#accordion3\">\n<p><span>O\u00a0<\/span><strong><span>TEC (Total Electron Content)<\/span><\/strong><span>\u00a0\u00e9 um par\u00e2metro chave na avalia\u00e7\u00e3o da propaga\u00e7\u00e3o de ondas de r\u00e1dio, particularmente nas bandas\u00a0<\/span><strong><span>HF (altas frequ\u00eancias)<\/span><\/strong><span>\u00a0,\u00a0<\/span><strong><span>VHF<\/span><\/strong><span>\u00a0e\u00a0<\/span><strong><span>UHF<\/span><\/strong><span>\u00a0. Ele representa a quantidade total de el\u00e9trons em uma coluna vertical da ionosfera, geralmente expressa em unidades TEC (1 TECU = 10\u00a0<\/span><sup><span>16<\/span><\/sup><span>\u00a0el\u00e9trons\/m\u00b2).<\/span><\/p>\n<h3><span>Papel da TEC na propaga\u00e7\u00e3o:<\/span><\/h3>\n<h4><span>Efeito na refra\u00e7\u00e3o da onda HF:<\/span><\/h4>\n<p><span>Nas bandas HF, as ondas de r\u00e1dio podem ser refletidas ou refratadas pela ionosfera, permitindo comunica\u00e7\u00e3o de longa dist\u00e2ncia. Quanto maior o TEC, mais densa a ionosfera \u00e9 com el\u00e9trons, o que permite que essas ondas se propaguem por dist\u00e2ncias maiores.<\/span><\/p>\n<p><span>Quando o TEC \u00e9 alto, as ondas HF podem ser refratadas em \u00e2ngulos maiores, permitindo melhor propaga\u00e7\u00e3o em longa dist\u00e2ncia. Por outro lado, quando o TEC \u00e9 baixo, a propaga\u00e7\u00e3o das ondas HF pode ser limitada.<\/span><\/p>\n<h4><span>Efeito no atraso e distor\u00e7\u00e3o do sinal GNSS (GPS):<\/span><\/h4>\n<p><span>TEC afeta sinais nas bandas VHF e UHF, como aquelas usadas por sistemas GPS. Um alto conte\u00fado de el\u00e9trons pode causar refra\u00e7\u00e3o excessiva e atrasos em sinais, degradando a precis\u00e3o posicional. Para comunica\u00e7\u00f5es de r\u00e1dio, isso pode resultar em mudan\u00e7as de fase, interfer\u00eancia e perda de sinal.<\/span><\/p>\n<h4><span>Perturba\u00e7\u00f5es ionosf\u00e9ricas:<\/span><\/h4>\n<p><span>Varia\u00e7\u00f5es r\u00e1pidas em TEC, frequentemente causadas por tempestades solares ou perturba\u00e7\u00f5es geomagn\u00e9ticas, podem causar flutua\u00e7\u00f5es na propaga\u00e7\u00e3o de ondas de r\u00e1dio, particularmente para comunica\u00e7\u00f5es de longa dist\u00e2ncia atrav\u00e9s da ionosfera. Essas perturba\u00e7\u00f5es podem resultar em\u00a0<\/span><em><span>desvanecimento<\/span><\/em><span>\u00a0ou interrup\u00e7\u00f5es totais da comunica\u00e7\u00e3o.<\/span><\/p>\n<h3><span>Intera\u00e7\u00e3o do TEC com \u00edndices geomagn\u00e9ticos (A, Kp):<\/span><\/h3>\n<p><span>Quando h\u00e1 uma tempestade geomagn\u00e9tica (alto \u00edndice A), a densidade de el\u00e9trons em partes da ionosfera pode aumentar ou mudar, afetando diretamente o TEC. Geralmente, a forte atividade solar que aumenta o fluxo de r\u00e1dio (como o fluxo de 10,7 cm) tamb\u00e9m aumenta o TEC, o que pode melhorar a propaga\u00e7\u00e3o de HF.<\/span><\/p>\n<p><span>Entretanto, perturba\u00e7\u00f5es na ionosfera relacionadas a um alto \u00edndice Kp (atividade geomagn\u00e9tica) podem desorganizar a distribui\u00e7\u00e3o de el\u00e9trons, tornando a propaga\u00e7\u00e3o de ondas de r\u00e1dio mais inconsistente e imprevis\u00edvel.<\/span><\/p>\n<h3><span>Resumo do papel da TEC:<\/span><\/h3>\n<p><strong><span>Alto TEC<\/span><\/strong><span>\u00a0: Melhor propaga\u00e7\u00e3o de ondas HF, mas pode causar defeitos nas bandas VHF\/UHF (distor\u00e7\u00e3o do sinal GNSS).<\/span><\/p>\n<p><strong><span>TEC baixo<\/span><\/strong><span>\u00a0: a propaga\u00e7\u00e3o de HF \u00e9 limitada, mas as bandas mais altas (VHF\/UHF) s\u00e3o menos afetadas.<\/span><\/p>\n<p><span>Portanto, a TEC desempenha um papel importante na melhor previs\u00e3o da propaga\u00e7\u00e3o, especialmente em combina\u00e7\u00e3o com outros \u00edndices solares e geomagn\u00e9ticos.<\/span><\/p>\n<\/div>\n<\/div>\n<\/div>\n<\/div>\n<div class=\"row mt-5\">\n<div class=\"col-md-12\">\n<div class=\"rcbox bg-dark p-2\">\n<h4 class=\"titrebox font-weight-bold text-uppercase text-light\"><i class=\"fa-solid fa-wave-square\"><\/i><span>\u00cdndices de fluxo de r\u00e1dio, A e Kp<\/span><\/h4>\n<\/div>\n<\/div>\n<\/div>\n<div class=\"row mt-3 row-eq-height\">\n<div class=\"col-md-6 mt-3\">\n<div class=\"bg-dark rcbox p-3\"><a id=\"lienprediction\" class=\"btn btn-secondary w-100\" href=\"https:\/\/www.rcqsl.com\/space-weather.php#\" data-toggle=\"modal\" data-target=\"#modalpropag\"><i class=\"fa-solid fa-arrow-right-long fa-beat-fade text-success\"><\/i><span>Relat\u00f3rio Mensal de Previs\u00e3o do Clima Espacial<\/span><\/a><\/div>\n<\/div>\n<div class=\"col-md-6 mt-3\">\n<div class=\"bg-dark rcbox p-3\"><a id=\"lienprediction2\" class=\"btn btn-secondary w-100\" href=\"https:\/\/www.rcqsl.com\/space-weather.php#\" data-toggle=\"modal\" data-target=\"#modalpropag2\"><i class=\"fa-solid fa-arrow-right-long fa-beat-fade text-success\"><\/i><span>Relat\u00f3rio de Destaques e Previs\u00f5es Semanais<\/span><\/a><\/div>\n<\/div>\n<\/div>\n<div id=\"accordion5\" class=\"row mt-3 row-eq-height\">\n<div class=\"col-md-1 mt-3\">\n<div class=\"text-center\"><button class=\"btn btn-secondary rcbox mb-3\" type=\"button\" data-toggle=\"collapse\" data-target=\"#tec_uk5\" aria-expanded=\"true\" aria-controls=\"tec_uk5\"><\/button>\u00a0<button class=\"btn btn-secondary rcbox mb-3\" type=\"button\" data-toggle=\"collapse\" data-target=\"#tec_fr5\" aria-expanded=\"false\" aria-controls=\"tec_fr5\"><\/button>\u00a0<button class=\"btn btn-secondary rcbox mb-3\" type=\"button\" data-toggle=\"collapse\" data-target=\"#tec_es5\" aria-expanded=\"false\" aria-controls=\"tec_es5\"><\/button>\u00a0<button class=\"btn btn-secondary rcbox mb-3\" type=\"button\" data-toggle=\"collapse\" data-target=\"#tec_pt5\" aria-expanded=\"false\" aria-controls=\"tec_pt5\"><\/button><\/div>\n<\/div>\n<div class=\"col-md-11 mt-3\">\n<div class=\"bg-dark rcbox p-3 text-justify text-white\">\n<div id=\"tec_uk5\" class=\"collapse show\" data-parent=\"#accordion5\">\n<h2><span>Interpreta\u00e7\u00e3o da Propaga\u00e7\u00e3o de Ondas de R\u00e1dio<\/span><\/h2>\n<p><span>A interpreta\u00e7\u00e3o da propaga\u00e7\u00e3o das ondas de r\u00e1dio com base nos \u00edndices fornecidos na tabela acima (fluxo de r\u00e1dio de 10,7 cm, \u00edndice A planet\u00e1rio, \u00edndice Kp) pode ser feita com base em v\u00e1rios crit\u00e9rios:<\/span><\/p>\n<h3><span>Fluxo de r\u00e1dio a 10,7 cm (em unidades sfu)<\/span><\/h3>\n<p><span>O fluxo de 10,7 cm mede a atividade solar. Em geral, quanto maior o fluxo, melhor a propaga\u00e7\u00e3o das ondas de r\u00e1dio de alta frequ\u00eancia (HF).<\/span><\/p>\n<ul>\n<li><strong><span>&lt; 100:<\/span><\/strong><span>\u00a0Condi\u00e7\u00f5es prec\u00e1rias.<\/span><\/li>\n<li><strong><span>100 a 150:<\/span><\/strong><span>\u00a0Condi\u00e7\u00f5es moderadas.<\/span><\/li>\n<li><strong><span>150 a 200:<\/span><\/strong><span>\u00a0Boas condi\u00e7\u00f5es.<\/span><\/li>\n<li><strong><span>&gt; 200:<\/span><\/strong><span>\u00a0Condi\u00e7\u00f5es muito boas.<\/span><\/li>\n<\/ul>\n<h3><span>\u00cdndice Planet\u00e1rio A<\/span><\/h3>\n<p><span>O \u00edndice A mede a atividade geomagn\u00e9tica em uma escala linear. Um \u00edndice A alto indica maior instabilidade geomagn\u00e9tica, o que pode afetar negativamente a propaga\u00e7\u00e3o de r\u00e1dio.<\/span><\/p>\n<ul>\n<li><strong><span>0 a 7:<\/span><\/strong><span>\u00a0Baixa atividade geomagn\u00e9tica, boas condi\u00e7\u00f5es.<\/span><\/li>\n<li><strong><span>8 a 15:<\/span><\/strong><span>\u00a0Atividade moderada, condi\u00e7\u00f5es vari\u00e1veis.<\/span><\/li>\n<li><strong><span>16 a 29:<\/span><\/strong><span>\u00a0Atividade perturbada, condi\u00e7\u00f5es prec\u00e1rias.<\/span><\/li>\n<li><strong><span>&gt; 30:<\/span><\/strong><span>\u00a0Tempestade geomagn\u00e9tica, condi\u00e7\u00f5es muito prec\u00e1rias.<\/span><\/li>\n<\/ul>\n<h3><span>\u00cdndice Kp<\/span><\/h3>\n<p><span>O \u00edndice Kp mede a atividade geomagn\u00e9tica em uma escala logar\u00edtmica (0 a 9). Um \u00edndice Kp baixo indica uma atmosfera mais est\u00e1vel, favor\u00e1vel \u00e0 propaga\u00e7\u00e3o.<\/span><\/p>\n<ul>\n<li><strong><span>0 a 1:<\/span><\/strong><span>\u00a0Condi\u00e7\u00f5es calmas, muito boas para propaga\u00e7\u00e3o.<\/span><\/li>\n<li><strong><span>2 a 3:<\/span><\/strong><span>\u00a0Condi\u00e7\u00f5es moderadas.<\/span><\/li>\n<li><strong><span>4 a 5:<\/span><\/strong><span>\u00a0Condi\u00e7\u00f5es perturbadas.<\/span><\/li>\n<li><strong><span>&gt; 5:<\/span><\/strong><span>\u00a0Condi\u00e7\u00f5es de tempestade geomagn\u00e9tica, propaga\u00e7\u00e3o dif\u00edcil.<\/span><\/li>\n<\/ul>\n<h3><span>M\u00e9todo de Interpreta\u00e7\u00e3o Geral<\/span><\/h3>\n<p><span>Se o fluxo de r\u00e1dio for alto (pr\u00f3ximo ou acima de 150) e os \u00edndices A e Kp forem baixos (A &lt; 8 e Kp \u2264 3), a propaga\u00e7\u00e3o ser\u00e1 boa a muito boa.<\/span><\/p>\n<p><span>Se o fluxo de r\u00e1dio for baixo (abaixo de 100) ou se os \u00edndices A e Kp forem altos (A \u2265 15 ou Kp \u2265 4), a propaga\u00e7\u00e3o ser\u00e1 ruim.<\/span><\/p>\n<\/div>\n<\/div>\n<\/div>\n<\/div>\n","protected":false},"excerpt":{"rendered":"<p>Raio X solar \u00a0\u00a0\u00a0 Este mapa da\u00a0NOAA\u00a0aborda o impacto operacional do fluxo de raios X solares e eventos SEP na comunica\u00e7\u00e3o de r\u00e1dio HF. Comunica\u00e7\u00f5es de longo alcance usando ondas de r\u00e1dio de alta frequ\u00eancia (HF) (3 &#8211; 30 MHz) dependem da reflex\u00e3o dos sinais na ionosfera. As ondas de r\u00e1dio s\u00e3o tipicamente refletidas perto [&hellip;]<\/p>\n","protected":false},"author":2,"featured_media":0,"parent":0,"menu_order":0,"comment_status":"closed","ping_status":"closed","template":"","meta":{"footnotes":""},"class_list":["post-1159","page","type-page","status-publish","hentry"],"_links":{"self":[{"href":"https:\/\/falconsdx.com\/index.php\/wp-json\/wp\/v2\/pages\/1159","targetHints":{"allow":["GET"]}}],"collection":[{"href":"https:\/\/falconsdx.com\/index.php\/wp-json\/wp\/v2\/pages"}],"about":[{"href":"https:\/\/falconsdx.com\/index.php\/wp-json\/wp\/v2\/types\/page"}],"author":[{"embeddable":true,"href":"https:\/\/falconsdx.com\/index.php\/wp-json\/wp\/v2\/users\/2"}],"replies":[{"embeddable":true,"href":"https:\/\/falconsdx.com\/index.php\/wp-json\/wp\/v2\/comments?post=1159"}],"version-history":[{"count":1,"href":"https:\/\/falconsdx.com\/index.php\/wp-json\/wp\/v2\/pages\/1159\/revisions"}],"predecessor-version":[{"id":1161,"href":"https:\/\/falconsdx.com\/index.php\/wp-json\/wp\/v2\/pages\/1159\/revisions\/1161"}],"wp:attachment":[{"href":"https:\/\/falconsdx.com\/index.php\/wp-json\/wp\/v2\/media?parent=1159"}],"curies":[{"name":"wp","href":"https:\/\/api.w.org\/{rel}","templated":true}]}}