{"id":1757,"date":"2026-05-08T00:36:48","date_gmt":"2026-05-08T00:36:48","guid":{"rendered":"https:\/\/falconsdx.com\/?page_id=1757"},"modified":"2026-05-08T03:41:17","modified_gmt":"2026-05-08T03:41:17","slug":"contest-center","status":"publish","type":"page","link":"https:\/\/falconsdx.com\/index.php\/contest-center\/","title":{"rendered":"CONTEST CENTER"},"content":{"rendered":"<div style=\"background: linear-gradient(135deg,#020617,#0f172a,#020617); padding: 45px 20px; border-radius: 22px; font-family: Arial,Helvetica,sans-serif; border: 1px solid rgba(255,204,0,.35); color: white; box-shadow: 0 0 35px rgba(255,204,0,.15);\">\n<div style=\"text-align: center; margin-bottom: 45px;\">\n<div style=\"color: #ffcc00; font-size: 14px; letter-spacing: 5px; font-weight: 900; text-transform: uppercase; text-shadow: 0 0 12px #ffcc00;\">FALCONS DX GROUP<\/div>\n<h2 style=\"color: #ffffff; font-size: 42px; margin: 12px 0 10px; font-weight: 900; text-transform: uppercase; text-shadow: 0 0 18px rgba(255,204,0,.75),0 0 35px rgba(255,204,0,.35);\">\u26a1 CONTEST OPERATION CENTER \u26a1<\/h2>\n<h3 style=\"color: #e5e7eb; font-size: 16px; margin: 0;\">Central de contests, regulamentos, envio de logs e arquivos para operacao.<br \/>\nAcompanhe nosso grupo de whatsapp: (Aviso de contest) <a href=\"https:\/\/chat.whatsapp.com\/KTeFy4b8MujLoV1Vwol8JR\"><img loading=\"lazy\" decoding=\"async\" class=\"alignnone wp-image-1805\" src=\"https:\/\/falconsdx.com\/wp-content\/uploads\/2026\/05\/whats-300x300.jpg\" alt=\"\" width=\"46\" height=\"46\" srcset=\"https:\/\/falconsdx.com\/wp-content\/uploads\/2026\/05\/whats-300x300.jpg 300w, https:\/\/falconsdx.com\/wp-content\/uploads\/2026\/05\/whats-150x150.jpg 150w, https:\/\/falconsdx.com\/wp-content\/uploads\/2026\/05\/whats.jpg 640w\" sizes=\"auto, (max-width: 46px) 100vw, 46px\" \/><\/a><\/h3>\n<\/div>\n<div style=\"display: flex; flex-wrap: wrap; gap: 25px; justify-content: center;\">\n<p><!-- CARD 1 --><\/p>\n<div style=\"background: linear-gradient(180deg,#181818,#080808); width: 370px; border-radius: 18px; border: 1px solid rgba(255,204,0,.35); box-shadow: 0 15px 35px rgba(0,0,0,.55); overflow: hidden;\">\n<div style=\"background: linear-gradient(90deg,#009739,#ffcc00,#002776); height: 8px;\"><\/div>\n<div style=\"padding: 24px;\">\n<div style=\"display: inline-block; background: #ffcc00; color: #000; padding: 8px 14px; border-radius: 50px; font-size: 12px; font-weight: 900; margin-bottom: 18px;\">NACIONAL \u2022 APOIADO<\/div>\n<h3 style=\"color: #ffffff; font-size: 26px; margin: 0 0 14px; font-weight: 900; text-transform: uppercase;\">Concurso Marechal Rondon<\/h3>\n<p style=\"color: #e5e7eb; font-size: 15px; line-height: 1.6; margin-bottom: 22px;\">Contest nacional em homenagem ao Marechal Candido Mariano da Silva Rondon.<\/p>\n<div style=\"background: #101010; border: 1px solid #2d2d2d; border-radius: 14px; padding: 15px; margin-bottom: 20px;\">\n<p style=\"margin: 0 0 10px; color: #fff;\"><b>\ud83d\udcc5 Data:<\/b> 16 e 17\/05\/2026<\/p>\n<p style=\"margin: 0 0 10px; color: #fff;\"><b>\ud83c\udf99\ufe0f Modos:<\/b> SSB \/ CW<\/p>\n<p style=\"margin: 0; color: #fff;\"><b>\ud83d\udce1 Bandas:<\/b> 80m a 10m<\/p>\n<\/div>\n<div style=\"display: flex; flex-wrap: wrap; gap: 10px;\">\n<p><a style=\"background: #262626; color: #ffffff; text-decoration: none; padding: 14px; text-align: center; font-size: 12px; font-weight: 900; border-radius: 12px; border: 1px solid #3a3a3a; flex: 1;\" href=\"https:\/\/falconsdx.com\/wp-content\/uploads\/2026\/05\/regu_marechal.htm\" target=\"_blank\" rel=\"noopener\"><br \/>\n\ud83d\udcdc REGULAMENTO<br \/>\n<\/a><\/p>\n<p><a style=\"background: #262626; color: #ffffff; text-decoration: none; padding: 14px; text-align: center; font-size: 12px; font-weight: 900; border-radius: 12px; border: 1px solid #3a3a3a; flex: 1;\" href=\"https:\/\/falconsdx.com\/downloads\/GMR2026.zip\" target=\"_blank\" rel=\"noopener\"><br \/>\n\ud83d\udce5<\/a><strong><span style=\"color: #ffff00;\"><a style=\"color: #ffff00;\" href=\"https:\/\/falconsdx.com\/wp-content\/uploads\/2026\/05\/GMR2026.zip\">GMR2026<\/a><\/span><\/strong><\/p>\n<p><a style=\"background: linear-gradient(90deg,#009739,#16a34a); color: #ffffff; text-decoration: none; padding: 16px; text-align: center; font-size: 13px; font-weight: 900; border-radius: 12px; letter-spacing: 1px; flex: 1 1 100%;\" href=\"https:\/\/hampass.com\/sendlog\/marechal-rondon\" target=\"_blank\" rel=\"noopener\"><br \/>\n\ud83d\udce4 ENVIAR LOG CABRILLO<br \/>\n<\/a><\/p>\n<\/div>\n<\/div>\n<\/div>\n<p><!-- CARD 2 --><\/p>\n<div style=\"background: linear-gradient(180deg,#181818,#080808); width: 370px; border-radius: 18px; border: 1px solid rgba(0,102,255,.35); box-shadow: 0 15px 35px rgba(0,0,0,.55); overflow: hidden;\">\n<div style=\"background: linear-gradient(90deg,#003399,#0066ff,#66ccff); height: 8px;\"><\/div>\n<div style=\"padding: 24px;\">\n<div style=\"display: inline-block; background: #0066ff; color: #fff; padding: 8px 14px; border-radius: 50px; font-size: 12px; font-weight: 900; margin-bottom: 18px;\">INTERNACIONAL<\/div>\n<h3 style=\"color: #ffffff; font-size: 26px; margin: 0 0 14px; font-weight: 900; text-transform: uppercase;\">CQ World Wide DX<\/h3>\n<p style=\"color: #e5e7eb; font-size: 15px; line-height: 1.6; margin-bottom: 22px;\">Um dos maiores contests internacionais do radioamadorismo mundial.<\/p>\n<p>&nbsp;<\/p>\n<div style=\"background: #101010; border: 1px solid #2d2d2d; border-radius: 14px; padding: 15px; margin-bottom: 20px;\">\n<p style=\"margin: 0 0 10px; color: #fff;\"><b>\ud83d\udcc5 Periodo:<\/b> Outubro e Novembro<\/p>\n<p style=\"margin: 0 0 10px; color: #fff;\"><b>\ud83c\udf99\ufe0f Modos:<\/b> SSB \/ CW<\/p>\n<p style=\"margin: 0; color: #fff;\"><b>\ud83d\udce1 Bandas:<\/b> Todas HF<\/p>\n<\/div>\n<div style=\"display: flex; flex-wrap: wrap; gap: 10px;\">\n<p><a style=\"background: #262626; color: #ffffff; text-decoration: none; padding: 14px; text-align: center; font-size: 12px; font-weight: 900; border-radius: 12px; border: 1px solid #3a3a3a; flex: 1;\" href=\"https:\/\/falconsdx.com\/wp-content\/uploads\/2026\/05\/cqwwdx.htm\" target=\"_blank\" rel=\"noopener\"><br \/>\n\ud83d\udcdc REGULAMENTO<br \/>\n<\/a><\/p>\n<p><a style=\"background: #262626; color: #ffffff; text-decoration: none; padding: 14px; text-align: center; font-size: 12px; font-weight: 900; border-radius: 12px; border: 1px solid #3a3a3a; flex: 1;\" href=\"https:\/\/cqww.com\/logs_received_ssb.htm\" target=\"_blank\" rel=\"noopener\"><br \/>\n\ud83d\udcca LOGS RECEBIDOS<br \/>\n<\/a><\/p>\n<p><a style=\"background: linear-gradient(90deg,#003399,#0066ff); color: #ffffff; text-decoration: none; padding: 16px; text-align: center; font-size: 13px; font-weight: 900; border-radius: 12px; letter-spacing: 1px; flex: 1 1 100%;\" href=\"https:\/\/cqww.com\/logcheck\/\" target=\"_blank\" rel=\"noopener\"><br \/>\n\ud83d\udce4 ENVIAR LOG CABRILLO<br \/>\n<\/a><\/p>\n<\/div>\n<\/div>\n<\/div>\n<p><!-- CARD 3 --><\/p>\n<div style=\"background: linear-gradient(180deg,#181818,#080808); width: 370px; border-radius: 18px; border: 1px solid rgba(255,0,102,.35); box-shadow: 0 15px 35px rgba(0,0,0,.55); overflow: hidden;\">\n<div style=\"background: linear-gradient(90deg,#ff0066,#ff3399,#ff66cc); height: 8px;\"><\/div>\n<div style=\"padding: 24px;\">\n<div style=\"display: inline-block; background: #ff0066; color: #fff; padding: 8px 14px; border-radius: 50px; font-size: 12px; font-weight: 900; margin-bottom: 18px;\">DIGITAL<\/div>\n<h3 style=\"color: #ffffff; font-size: 26px; margin: 0 0 14px; font-weight: 900; text-transform: uppercase;\">FT8 Digital Contest<\/h3>\n<p style=\"color: #e5e7eb; font-size: 15px; line-height: 1.6; margin-bottom: 22px;\">Contest dedicado aos modos digitais FT8 e FT4.<\/p>\n<div style=\"background: #101010; border: 1px solid #2d2d2d; border-radius: 14px; padding: 15px; margin-bottom: 20px;\">\n<p style=\"margin: 0 0 10px; color: #fff;\"><b>\ud83d\udcc5 Data:<\/b> Agosto 2026<\/p>\n<p style=\"margin: 0 0 10px; color: #fff;\"><b>\ud83c\udf99\ufe0f Modos:<\/b> FT8 \/ FT4<\/p>\n<p style=\"margin: 0; color: #fff;\"><b>\ud83d\udce1 Bandas:<\/b> HF<\/p>\n<\/div>\n<div style=\"display: flex; flex-wrap: wrap; gap: 10px;\">\n<p><a style=\"background: #262626; color: #ffffff; text-decoration: none; padding: 14px; text-align: center; font-size: 12px; font-weight: 900; border-radius: 12px; border: 1px solid #3a3a3a; flex: 1;\" href=\"https:\/\/falconsdx.com\/wp-content\/uploads\/2026\/05\/ft8.htm\" target=\"_blank\" rel=\"noopener\"><br \/>\n\ud83d\udcdc REGULAMENTO<br \/>\n<\/a><\/p>\n<p><a style=\"background: #262626; color: #ffffff; text-decoration: none; padding: 14px; text-align: center; font-size: 12px; font-weight: 900; border-radius: 12px; border: 1px solid #3a3a3a; flex: 1;\" href=\"#\" target=\"_blank\" rel=\"noopener\"><br \/>\n\ud83d\udce5 DOWNLOADS<br \/>\n<\/a><\/p>\n<p><a style=\"background: linear-gradient(90deg,#ff0066,#ff3399); color: #ffffff; text-decoration: none; padding: 16px; text-align: center; font-size: 13px; font-weight: 900; border-radius: 12px; letter-spacing: 1px; flex: 1 1 100%;\" href=\"#\" target=\"_blank\" rel=\"noopener\"><br \/>\n\ud83d\udce4 ENVIAR LOG CABRILLO<br \/>\n<\/a><\/p>\n<\/div>\n<\/div>\n<\/div>\n<p><!-- CARD 4 --><\/p>\n<div style=\"background: linear-gradient(180deg,#181818,#080808); width: 370px; border-radius: 18px; border: 1px solid rgba(255,102,0,.35); box-shadow: 0 15px 35px rgba(0,0,0,.55); overflow: hidden;\">\n<div style=\"background: linear-gradient(90deg,#ff6600,#ff9900,#ffcc00); height: 8px;\"><\/div>\n<div style=\"padding: 24px;\">\n<div style=\"display: inline-block; background: #ff6600; color: #fff; padding: 8px 14px; border-radius: 50px; font-size: 12px; font-weight: 900; margin-bottom: 18px;\">INTERNACIONAL<\/div>\n<div><\/div>\n<h3 style=\"color: #ffffff; font-size: 26px; margin: 0 0 14px; font-weight: 900; text-transform: uppercase;\">Labre dx contest<\/h3>\n<p style=\"color: #e5e7eb; font-size: 15px; line-height: 1.6; margin-bottom: 22px;\">Constest Samuel Morse 2026<\/p>\n<div style=\"background: #101010; border: 1px solid #2d2d2d; border-radius: 14px; padding: 15px; margin-bottom: 20px;\">\n<p style=\"margin: 0 0 10px; color: #fff;\"><b>\ud83d\udcc5 Data:18 e 19 de Junho<\/b><\/p>\n<p style=\"margin: 0 0 10px; color: #fff;\"><b>\ud83c\udf99\ufe0f Modos:<\/b> CW \/SSB<\/p>\n<p style=\"margin: 0; color: #fff;\"><b>\ud83d\udce1 Banda:<\/b> Todas as bandas de contest<\/p>\n<\/div>\n<div style=\"display: flex; flex-wrap: wrap; gap: 10px;\">\n<p><a style=\"background: #262626; color: #ffffff; text-decoration: none; padding: 14px; text-align: center; font-size: 12px; font-weight: 900; border-radius: 12px; border: 1px solid #3a3a3a; flex: 1;\" href=\"https:\/\/falconsdx.com\/wp-content\/uploads\/2026\/05\/SAMUEL.htm\" target=\"_blank\" rel=\"noopener\"><br \/>\n\ud83d\udcdc REGULAMENTO<br \/>\n<\/a><\/p>\n<p><a style=\"background: #262626; color: #ff6600; text-decoration: none; padding: 14px; text-align: center; font-size: 12px; font-weight: 900; border-radius: 12px; border: 1px solid #3a3a3a; flex: 1;\" href=\"https:\/\/falconsdx.com\/wp-content\/uploads\/2026\/05\/LABRE_N1MM-1.zip\" target=\"_blank\" rel=\"noopener\"><br \/>\n\ud83d\udce5 N1MM ARQUIVOS<br \/>\n<\/a><\/p>\n<p><a style=\"linear-gradient(90deg,#ff0066,#ff3399); color: #ffffff; text-decoration: none; padding: 16px; text-align: center; font-size: 13px; font-weight: 900; border-radius: 12px; letter-spacing: 1px; flex: 1 1 100%;\" href=\"https:\/\/www.labre.org.br\/contest\/enviar-log\/\" target=\"_blank\" rel=\"noopener\"><br \/>\n\ud83d\udce4 ENVIAR LOG CABRILLO<br \/>\n<\/a><\/p>\n<\/div>\n<\/div>\n<\/div>\n<\/div>\n<\/div>\n<div style=\"background: linear-gradient(135deg,#020617,#0f172a,#020617); padding: 45px 20px; border-radius: 22px; font-family: Arial,Helvetica,sans-serif; border: 1px solid rgba(255,204,0,.35); color: white; box-shadow: 0 0 35px rgba(255,204,0,.15);\">\n<div style=\"text-align: center; margin-bottom: 45px;\">\n<div style=\"color: #ffcc00; font-size: 14px; letter-spacing: 5px; font-weight: 900; text-transform: uppercase; text-shadow: 0 0 12px #ffcc00;\">FALCONS DX GROUP<\/div>\n<h2 style=\"color: #ffffff; font-size: 42px; margin: 12px 0 10px; font-weight: 900; text-transform: uppercase; text-shadow: 0 0 18px rgba(255,204,0,.75),0 0 35px rgba(255,204,0,.35);\">\u26a1 CONTEST OPERATION CENTER \u26a1<\/h2>\n<h3 style=\"color: #e5e7eb; font-size: 16px; margin: 0;\">Central de contests, regulamentos, envio de logs e arquivos para operacao.<br \/>\nAcompanhe nosso grupo de whatsapp: (Aviso de contest) <a href=\"https:\/\/chat.whatsapp.com\/KTeFy4b8MujLoV1Vwol8JR\"><img loading=\"lazy\" decoding=\"async\" class=\"alignnone wp-image-1805\" src=\"https:\/\/falconsdx.com\/wp-content\/uploads\/2026\/05\/whats-300x300.jpg\" alt=\"\" width=\"46\" height=\"46\" srcset=\"https:\/\/falconsdx.com\/wp-content\/uploads\/2026\/05\/whats-300x300.jpg 300w, https:\/\/falconsdx.com\/wp-content\/uploads\/2026\/05\/whats-150x150.jpg 150w, https:\/\/falconsdx.com\/wp-content\/uploads\/2026\/05\/whats.jpg 640w\" sizes=\"auto, (max-width: 46px) 100vw, 46px\" \/><\/a><\/h3>\n<\/div>\n<div style=\"display: flex; flex-wrap: wrap; gap: 25px; justify-content: center;\">\n<p><!-- CARD 1 --><\/p>\n<div style=\"background: linear-gradient(180deg,#181818,#080808); width: 370px; border-radius: 18px; border: 1px solid rgba(255,204,0,.35); box-shadow: 0 15px 35px rgba(0,0,0,.55); overflow: hidden;\">\n<div style=\"background: linear-gradient(90deg,#009739,#ffcc00,#002776); height: 8px;\"><\/div>\n<div style=\"padding: 24px;\">\n<div style=\"display: inline-block; background: #ffcc00; color: #000; padding: 8px 14px; border-radius: 50px; font-size: 12px; font-weight: 900; margin-bottom: 18px;\">CQ WPX 2026 &#8211; SSB<\/div>\n<h3 style=\"color: #ffffff; font-size: 26px; margin: 0 0 14px; font-weight: 900; text-transform: uppercase;\">Concurso<br \/>\nCQWPX 2026<\/h3>\n<p style=\"color: #e5e7eb; font-size: 15px; line-height: 1.6; margin-bottom: 22px;\">CW: 30 e 31 de maio de 2026.<\/p>\n<div style=\"background: #101010; border: 1px solid #2d2d2d; border-radius: 14px; padding: 15px; margin-bottom: 20px;\">\n<p style=\"margin: 0 0 10px; color: #fff;\"><b>\ud83d\udcc5 Data:<\/b> CW: 30 e 31 de maio de 2026<\/p>\n<p style=\"margin: 0 0 10px; color: #fff;\"><b>\ud83c\udf99\ufe0f Modos:<\/b>\u00a0 CW<\/p>\n<p style=\"margin: 0; color: #fff;\"><b>\ud83d\udce1 Bandas:<\/b> 80m a 10m<\/p>\n<\/div>\n<div style=\"display: flex; flex-wrap: wrap; gap: 10px;\">\n<p><a style=\"background: #262626; color: #ffffff; text-decoration: none; padding: 14px; text-align: center; font-size: 12px; font-weight: 900; border-radius: 12px; border: 1px solid #3a3a3a; flex: 1;\" href=\"https:\/\/falconsdx.com\/wp-content\/uploads\/2026\/05\/WPX2026.htm\" target=\"_blank\" rel=\"noopener\"><br \/>\n\ud83d\udcdc REGULAMENTO<br \/>\n<\/a><\/p>\n<p><strong><span style=\"color: #ff6600;\">N1MM DIRETO<\/span><\/strong><\/p>\n<p><a style=\"background: linear-gradient(90deg,#009739,#16a34a); color: #ffffff; text-decoration: none; padding: 16px; text-align: center; font-size: 13px; font-weight: 900; border-radius: 12px; letter-spacing: 1px; flex: 1 1 100%;\" href=\"https:\/\/cqwpx.com\/logcheck\/\" target=\"_blank\" rel=\"noopener\"><br \/>\n\ud83d\udce4 ENVIAR LOG CABRILLO<br \/>\n<\/a><\/p>\n<\/div>\n<\/div>\n<\/div>\n<p><!-- CARD 2 --><\/p>\n<div style=\"background: linear-gradient(180deg,#181818,#080808); width: 370px; border-radius: 18px; border: 1px solid rgba(0,102,255,.35); box-shadow: 0 15px 35px rgba(0,0,0,.55); overflow: hidden;\">\n<div style=\"background: linear-gradient(90deg,#003399,#0066ff,#66ccff); height: 8px;\"><\/div>\n<div style=\"padding: 24px;\">\n<div style=\"display: inline-block; background: #0066ff; color: #fff; padding: 8px 14px; border-radius: 50px; font-size: 12px; font-weight: 900; margin-bottom: 18px;\">INTERNACIONAL<\/div>\n<h3 style=\"color: #ffffff; font-size: 26px; margin: 0 0 14px; font-weight: 900; text-transform: uppercase;\">UN DX CONTEST<\/h3>\n<p style=\"color: #e5e7eb; font-size: 15px; line-height: 1.6; margin-bottom: 22px;\">competi\u00e7\u00e3o internacional de r\u00e1dio amador organizada pela Federa\u00e7\u00e3o de Esportes de R\u00e1dio e Radioamadorismo do Cazaquist\u00e3o<\/p>\n<div style=\"background: #101010; border: 1px solid #2d2d2d; border-radius: 14px; padding: 15px; margin-bottom: 20px;\">\n<p style=\"margin: 0 0 10px; color: #fff;\"><b>\ud83d\udcc5 DATA: <\/b>16\/05\/26\u00a0 <span class=\"T286Pc\" data-sfc-cp=\"\" data-sfc-root=\"c\" data-sfc-cb=\"\" data-copy-service-computed-style=\"font-family: &quot;Google Sans&quot;, Arial, sans-serif; font-size: 16px; font-weight: 400; margin: 0px; text-decoration: none; border-bottom: 0px rgb(10, 10, 10);\">06H UTC \/ \u00a020:59<\/span><\/p>\n<p style=\"margin: 0 0 10px; color: #fff;\"><b>\ud83c\udf99\ufe0f Modos:<\/b> <span class=\"T286Pc\" data-sfc-cp=\"\" data-sfc-root=\"c\" data-sfc-cb=\"\" data-copy-service-computed-style=\"font-family: &quot;Google Sans&quot;, Arial, sans-serif; font-size: 16px; font-weight: 400; margin: 0px; text-decoration: none; border-bottom: 0px rgb(10, 10, 10);\"> 160,80,40, 20, 15, 10.<\/span><\/p>\n<p style=\"margin: 0; color: #fff;\"><b>\ud83d\udce1 Bandas:<\/b> Todas HF<\/p>\n<\/div>\n<div style=\"display: flex; flex-wrap: wrap; gap: 10px;\">\n<p><a style=\"background: #262626; color: #ffffff; text-decoration: none; padding: 14px; text-align: center; font-size: 12px; font-weight: 900; border-radius: 12px; border: 1px solid #3a3a3a; flex: 1;\" href=\"https:\/\/falconsdx.com\/wp-content\/uploads\/2026\/05\/cqwwdx.htm\" target=\"_blank\" rel=\"noopener\"><br \/>\n\ud83d\udcdc REGULAMENTO<br \/>\n<\/a><\/p>\n<p><strong><span style=\"color: #ff6600;\">JA NO N1MM<\/span><\/strong><\/p>\n<p><a style=\"background: linear-gradient(90deg,#003399,#0066ff); color: #ffffff; text-decoration: none; padding: 16px; text-align: center; font-size: 13px; font-weight: 900; border-radius: 12px; letter-spacing: 1px; flex: 1 1 100%;\" href=\"https:\/\/ua9qcq.com\/results_new.php\" target=\"_blank\" rel=\"noopener\"><br \/>\n\ud83d\udce4 ENVIAR LOG CABRILLO<br \/>\n<\/a><\/p>\n<\/div>\n<\/div>\n<\/div>\n<p><!-- CARD 3 --><\/p>\n<div style=\"background: linear-gradient(180deg,#181818,#080808); width: 370px; border-radius: 18px; border: 1px solid rgba(255,0,102,.35); box-shadow: 0 15px 35px rgba(0,0,0,.55); overflow: hidden;\">\n<div style=\"background: linear-gradient(90deg,#ff0066,#ff3399,#ff66cc); height: 8px;\"><\/div>\n<div style=\"padding: 24px;\">\n<p><span style=\"font-size: 12px; background-color: #ff0066;\"><b>INTERNACIONAL<\/b><\/span><\/p>\n<h2 id=\"title1\"><span dir=\"auto\" style=\"color: #ffffff;\">CONTEST\u00a0 IARU<\/span><\/h2>\n<p style=\"color: #e5e7eb; font-size: 15px; line-height: 1.6; margin-bottom: 22px;\"><strong><span dir=\"auto\">Objetivo do concurso:<\/span><\/strong><span dir=\"auto\"> Apoiar o aprendizado de radioamadores em radiocomunica\u00e7\u00f5es, incluindo o aprimoramento de habilidades ocom as sedes das sociedades membros da IARU.<\/span><\/p>\n<div style=\"background: #101010; border: 1px solid #2d2d2d; border-radius: 14px; padding: 15px; margin-bottom: 20px;\">\n<p style=\"margin: 0 0 10px; color: #fff;\"><b>\ud83d\udcc5 Data:<\/b> <span dir=\"auto\">\u00a0<\/span><strong><span dir=\"auto\">11 e 12 de julho de 2026<\/span><\/strong><\/p>\n<p style=\"margin: 0 0 10px; color: #fff;\"><b>\ud83c\udf99\ufe0f Modos:<\/b> SSB<\/p>\n<p style=\"margin: 0; color: #fff;\"><b>\ud83d\udce1 Bandas:<\/b> HF<\/p>\n<\/div>\n<div style=\"display: flex; flex-wrap: wrap; gap: 10px;\">\n<p><a style=\"background: #262626; color: #ffffff; text-decoration: none; padding: 14px; text-align: center; font-size: 12px; font-weight: 900; border-radius: 12px; border: 1px solid #3a3a3a; flex: 1;\" href=\"https:\/\/falconsdx.com\/wp-content\/uploads\/2026\/05\/IARU-CONTEST.htm\" target=\"_blank\" rel=\"noopener\"><br \/>\n\ud83d\udcdc REGULAMENTO<br \/>\n<\/a><\/p>\n<p><a style=\"background: #262626; color: #ffffff; text-decoration: none; padding: 14px; text-align: center; font-size: 12px; font-weight: 900; border-radius: 12px; border: 1px solid #3a3a3a; flex: 1;\" href=\"#\" target=\"_blank\" rel=\"noopener\"><br \/>\n\ud83d\udce5<span style=\"color: #ff6600;\"> JA NO N1MM<\/span><br \/>\n<\/a><\/p>\n<p><a style=\"background: linear-gradient(90deg,#ff0066,#ff3399); color: #ffffff; text-decoration: none; padding: 16px; text-align: center; font-size: 13px; font-weight: 900; border-radius: 12px; letter-spacing: 1px; flex: 1 1 100%;\" href=\"https:\/\/contest-log-submission.arrl.org\/\" target=\"_blank\" rel=\"noopener\"><br \/>\n\ud83d\udce4 ENVIAR LOG CABRILLO<br \/>\n<\/a><\/p>\n<\/div>\n<\/div>\n<\/div>\n<p><!-- CARD 4 --><\/p>\n<div style=\"background: linear-gradient(180deg,#181818,#080808); width: 370px; border-radius: 18px; border: 1px solid rgba(255,102,0,.35); box-shadow: 0 15px 35px rgba(0,0,0,.55); overflow: hidden;\">\n<div style=\"background: linear-gradient(90deg,#ff6600,#ff9900,#ffcc00); height: 8px;\"><\/div>\n<div style=\"padding: 24px;\">\n<div style=\"display: inline-block; background: #ff6600; color: #fff; padding: 8px 14px; border-radius: 50px; font-size: 12px; font-weight: 900; margin-bottom: 18px;\">INTERNACIONAL<\/div>\n<h3 style=\"color: #ffffff; font-size: 26px; margin: 0 0 14px; font-weight: 900; text-transform: uppercase;\">contest rei da espanha<\/h3>\n<pre>RST + N\u00ba SEQUENCIAL<\/pre>\n<div style=\"background: #101010; border: 1px solid #2d2d2d; border-radius: 14px; padding: 15px; margin-bottom: 20px;\">\n<p style=\"margin: 0 0 10px; color: #fff;\"><b>\ud83d\udcc5 Data:16 e 17 de Maio 2026<\/b><\/p>\n<p style=\"margin: 0 0 10px; color: #fff;\"><b>\ud83c\udf99\ufe0f Modos:<\/b> CW<\/p>\n<p style=\"margin: 0; color: #fff;\"><b>\ud83d\udce1 Banda:<\/b> 10-15-20-40-80<\/p>\n<\/div>\n<div style=\"display: flex; flex-wrap: wrap; gap: 10px;\">\n<p><a style=\"background: #262626; color: #ffffff; text-decoration: none; padding: 14px; text-align: center; font-size: 12px; font-weight: 900; border-radius: 12px; border: 1px solid #3a3a3a; flex: 1;\" href=\"https:\/\/falconsdx.com\/wp-content\/uploads\/2026\/05\/SAMUEL.htm\" target=\"_blank\" rel=\"noopener\"><br \/>\n\ud83d\udcdc REGULAMENTO<br \/>\n<\/a><\/p>\n<p><a style=\"background: #262626; color: #ffffff; text-decoration: none; padding: 14px; text-align: center; font-size: 12px; font-weight: 900; border-radius: 12px; border: 1px solid #3a3a3a; flex: 1;\" href=\"#\" target=\"_blank\" rel=\"noopener\"><br \/>\n\ud83d\udce5 JA NO N1MM<br \/>\n<\/a><br \/>\n<a style=\"background: linear-gradient(90deg,#003399,#0066ff); color: #ffffff; text-decoration: none; padding: 16px; text-align: center; font-size: 13px; font-weight: 900; border-radius: 12px; letter-spacing: 1px; flex: 1 1 100%;\" href=\"mail.hf@ure.es\" target=\"_blank\" rel=\"noopener\"><br \/>\n\ud83d\udce4 \u00a0hf@ure.es<br \/>\n<\/a><\/p>\n<\/div>\n<\/div>\n<\/div>\n<\/div>\n<\/div>\n","protected":false},"excerpt":{"rendered":"<p>FALCONS DX GROUP \u26a1 CONTEST OPERATION CENTER \u26a1 Central de contests, regulamentos, envio de logs e arquivos para operacao. Acompanhe nosso grupo de whatsapp: (Aviso de contest) NACIONAL \u2022 APOIADO Concurso Marechal Rondon Contest nacional em homenagem ao Marechal Candido Mariano da Silva Rondon. \ud83d\udcc5 Data: 16 e 17\/05\/2026 \ud83c\udf99\ufe0f Modos: SSB \/ CW \ud83d\udce1 [&hellip;]<\/p>\n","protected":false},"author":2,"featured_media":0,"parent":0,"menu_order":0,"comment_status":"closed","ping_status":"closed","template":"","meta":{"footnotes":""},"class_list":["post-1757","page","type-page","status-publish","hentry"],"_links":{"self":[{"href":"https:\/\/falconsdx.com\/index.php\/wp-json\/wp\/v2\/pages\/1757","targetHints":{"allow":["GET"]}}],"collection":[{"href":"https:\/\/falconsdx.com\/index.php\/wp-json\/wp\/v2\/pages"}],"about":[{"href":"https:\/\/falconsdx.com\/index.php\/wp-json\/wp\/v2\/types\/page"}],"author":[{"embeddable":true,"href":"https:\/\/falconsdx.com\/index.php\/wp-json\/wp\/v2\/users\/2"}],"replies":[{"embeddable":true,"href":"https:\/\/falconsdx.com\/index.php\/wp-json\/wp\/v2\/comments?post=1757"}],"version-history":[{"count":22,"href":"https:\/\/falconsdx.com\/index.php\/wp-json\/wp\/v2\/pages\/1757\/revisions"}],"predecessor-version":[{"id":1824,"href":"https:\/\/falconsdx.com\/index.php\/wp-json\/wp\/v2\/pages\/1757\/revisions\/1824"}],"wp:attachment":[{"href":"https:\/\/falconsdx.com\/index.php\/wp-json\/wp\/v2\/media?parent=1757"}],"curies":[{"name":"wp","href":"https:\/\/api.w.org\/{rel}","templated":true}]}}